900 and 174645?
45
Calculate the highest common divisor of 11659518 and 2214.
54
Calculate the greatest common divisor of 19800822 and 47802.
1542
Calculate the highest common factor of 4440 and 67352.
8
What is the highest common divisor of 16119 and 124850013?
597
Calculate the greatest common divisor of 546557 and 8833.
121
Calculate the highest common factor of 994080 and 5130.
570
Calculate the highest common factor of 36080 and 1087812.
1804
What is the greatest common divisor of 301581704 and 1978?
1978
What is the highest common factor of 9569421 and 1236?
309
Calculate the greatest common factor of 589 and 797723.
31
What is the highest common factor of 106 and 14730873?
53
What is the greatest common factor of 16218 and 3621?
51
Calculate the highest common divisor of 32 and 52624624.
16
Calculate the greatest common divisor of 2079 and 1094499.
189
Calculate the highest common factor of 2344785656 and 1649.
1649
Calculate the highest common factor of 25 and 37050175.
25
Calculate the greatest common factor of 174118640 and 560.
80
What is the greatest common factor of 32 and 13477600?
32
What is the highest common factor of 21700 and 60481?
31
What is the highest common factor of 282 and 465054?
6
Calculate the highest common divisor of 245745456 and 1056.
528
What is the greatest common factor of 230 and 72974446?
46
What is the highest common divisor of 267 and 5373019?
89
Calculate the greatest common divisor of 140 and 24252004.
28
Calculate the highest common factor of 494898465 and 15.
15
Calculate the highest common factor of 11454177 and 336.
21
What is the greatest common divisor of 1140558 and 8?
2
Calculate the greatest common divisor of 737986421 and 298.
149
Calculate the greatest common divisor of 1142369 and 9312.
97
Calculate the greatest common factor of 3417189 and 15875.
127
What is the highest common factor of 48926476 and 182996?
16636
Calculate the greatest common divisor of 855 and 648088005.
285
What is the highest common factor of 16740 and 257940?
180
Calculate the greatest common factor of 23780 and 13785020.
820
Calculate the greatest common divisor of 168167143 and 145.
29
Calculate the greatest common factor of 466650 and 501786.
1098
Calculate the highest common divisor of 27089 and 2963413.
103
Calculate the greatest common divisor of 2824862 and 11462.
1042
What is the highest common divisor of 573 and 2314729?
191
Calculate the greatest common divisor of 11228 and 4433055.
401
What is the greatest common divisor of 375 and 39671175?
75
What is the highest common divisor of 12 and 103709712?
12
Calculate the greatest common divisor of 227113141 and 222.
37
Calculate the greatest common divisor of 10400 and 17271904.
416
What is the greatest common divisor of 1209024 and 583522?
4198
What is the highest common factor of 1195918 and 248?
62
Calculate the greatest common divisor of 97687532 and 2363.
139
Calculate the greatest common divisor of 1305117 and 11913.
33
Calculate the highest common factor of 1499441064 and 4.
4
Calculate the highest common factor of 109560524 and 2476.
2476
What is the greatest common factor of 28772949 and 134?
67
What is the highest common divisor of 2972 and 397136?
4
Calculate the highest common factor of 6 and 219652311.
3
What is the greatest common divisor of 13 and 17943029?
13
Calculate the highest common factor of 14256551 and 8086.
311
Calculate the highest common divisor of 21990430 and 910.
70
Calculate the greatest common divisor of 5 and 822050195.
5
What is the highest common factor of 1083 and 15324963?
57
What is the highest common factor of 169598 and 3328?
26
Calculate the greatest common divisor of 25118 and 659678.
1322
What is the highest common factor of 9582245 and 10?
5
What is the greatest common factor of 1250 and 12858325?
25
What is the highest common divisor of 2233 and 125766214?
203
Calculate the highest common factor of 253 and 1388321.
11
What is the highest common factor of 87696 and 29418354?
3654
Calculate the highest common factor of 12562 and 664644.
1142
What is the greatest common factor of 90 and 645228?
18
Calculate the greatest common divisor of 25135 and 69935624.
5027
Calculate the highest common divisor of 3670462068 and 546.
546
Calculate the highest common factor of 8566682 and 114.
38
Calculate the greatest common divisor of 588 and 636036.
12
What is the greatest common divisor of 98042 and 73696?
658
What is the greatest common factor of 48 and 344832232?
8
Calculate the greatest common divisor of 214545498 and 618.
618
What is the highest common factor of 510 and 63888686?
34
What is the greatest common factor of 8677676 and 474?
158
Calculate the greatest common factor of 144093 and 1444413.
129
Calculate the greatest common factor of 449859754 and 50030.
10006
Calculate the highest common divisor of 8 and 15956632.
8
Calculate the highest common divisor of 1621 and 1937.
1
Calculate the highest common divisor of 486776 and 1222336.
568
Calculate the greatest common divisor of 585 and 10111165.
5
Calculate the greatest common divisor of 44 and 17044.
4
What is the greatest common divisor of 55282721 and 208?
13
What is the highest common factor of 1099 and 122633?
7
Calculate the greatest common factor of 494159002 and 2116.
1058
Calculate the highest common factor of 73226690 and 20.
10
What is the highest common factor of 262970555 and 6010?
3005
What is the highest common factor of 2805273 and 387?
9
What is the highest common divisor of 448701758 and 76?
38
Calculate the highest common divisor of 1711 and 521442.
59
What is the highest common factor of 1285589 and 63584?
1987
Calculate the highest common factor of 240867 and 28710.
99
What is the highest common factor of 51 and 186676592?
17
Calculate the greatest common factor of 181002 and 13177692.
1866
What is the greatest common factor of 211060 and 10065?
305
What is the greatest common factor of 2640 and 5957160?
1320
What is the greatest common divisor of 211880602 and 146?
146
What is the greatest common divisor of 1548 and 2151892?
172
What is the highest common factor of 2530 and 90956030?
2530
What is the greatest common factor of 14524279 and 24486?
4081
Calculate the highest common factor of 400 and 537512.
8
What is the highest common divisor of 410 and 1748680?
10
What is the highest common divisor of 4315527 and 1539?
171
Calculate the highest common factor of 100100222 and 173.
173
Calculate the greatest common divisor of 1926316 and 1417948.
2492
What is the highest common factor of 707 and 57545457?
101
What is the highest common divisor of 5951567 and 788?
197
What is the highest common factor of 1530282 and 8372?
598
What is the greatest common divisor of 2043084438 and 54?
54
What is the greatest common divisor of 838705 and 62930?
1085
What is the highest common factor of 41164 and 451298?
502
Calculate the highest common divisor of 57984 and 1094784.
384
What is the highest common divisor of 7266493 and 141474?
1387
Calculate the greatest common divisor of 10768857 and 17523.
1947
Calculate the highest common divisor of 1911 and 12444978.
273
What is the highest common divisor of 717993 and 3339?
9
What is the greatest common factor of 1880 and 342710?
10
Calculate the greatest common divisor of 766 and 15401962.
766
What is the greatest common divisor of 45 and 554520?
15
What is the highest common divisor of 12 and 148262772?
12
Calculate the highest common divisor of 609 and 772183.
29
What is the highest common factor of 6332 and 1642156710?
3166
What is the greatest common factor of 19907 and 681581?
17
Calculate the highest common divisor of 2 and 631922.
2
Calculate the greatest common factor of 44079 and 6342.
21
What is the greatest common factor of 91378 and 47824?
854
What is the greatest common factor of 336483 and 98427?
2289
What is the greatest common factor of 387302 and 1576?
394
Calculate the greatest common divisor of 19848 and 1596.
12
What is the highest common divisor of 8 and 1532028824?
8
Calculate the greatest common divisor of 11976588 and 13203.
1467
What is the highest common divisor of 14424734 and 2561?
197
Calculate the highest common factor of 476517840 and 960.
240
What is the highest common divisor of 8